 -4) - (28 - 28) - 14.
-3
What is the value of 2 + 0 - (41 + -50 + 7 + -2)?
6
Evaluate (-3 - (6 - 16)) + (-9 - -27).
25
What is the value of 0 - -33 - (1614 - 1598)?
17
Evaluate -9 - -4 - (-1 - 4) - -3.
3
Calculate (12 + 1 - (66 - 52)) + -28.
-29
Evaluate 10 - (-16 + 28 + -11 + (1 - 7)).
15
18 - 22 - -16 - -1 - -17
30
(379 - 376) + (-2 - (12 + -2))
-9
Calculate -4 - (2 + 16 + -25).
3
2 - (-5 + (-4 - -3))
8
(-9 + 2 - (-15 + 17)) + 7
-2
What is the value of -10 - 1 - (-7 + -7) - -9?
12
What is 9 + (-11 - 0) + 11?
9
What is -3 + (7 - -32 - 26)?
10
15 - (7 + 16 + -10)
2
What is the value of (9 + 10 - 14) + 4?
9
10 + (-5 - (-3 + 2)) + (6 - 1)
11
8 - 1 - (8 + 56 - 29)
-28
What is the value of -11 - -8 - 8 - (-2 + 2 + -4)?
-7
What is the value of 1 + 7 + -9 - -14 - 12?
1
What is the value of 2 - -8 - -2 - (18 - 16)?
10
What is the value of 10 + 0 - (74 + -83 + 25 + -1)?
-5
-2 + 1 - (-17 + 4 + -3 + 26)
-11
Evaluate 1 - (-4 + -9 + 20 + (4 - 3)).
-7
Calculate (-1 + (1 - -3) - -11) + -2.
12
What is -2 + -1 - (-4 + 7 + -9)?
3
Evaluate 9 + -10 + -1 + -2 + 0.
-4
Evaluate 18 - 39 - (-1 + -10).
-10
Calculate (-2 + -4 + 3 - (-5 + 6)) + 2.
-2
What is the value of -14 + (5 - -4) + -16 - -9?
-12
Calculate (439 - 428) + (1 - 5).
7
Calculate 3 + (22 - (15 + -4)).
14
Calculate 15 + -17 + 1 + -10.
-11
What is -17 - -45 - (-8 - -32)?
4
Evaluate (-14 + 6 - -7 - -2) + 3.
4
Calculate -276 + 240 + -2 + 48.
10
What is the value of 5 - (-30 + 24 + 0 + 4)?
7
What is -6 + (-5 - -2) + 13?
4
-17 - (-22 + -1 + 11)
-5
What is the value of -610 - -627 - (-1 + 2 - 10)?
26
What is the value of 5 + -15 + 6 + -4 + -2 + 2?
-8
What is the value of 20 + 2 + (36 - 40) + -6?
12
What is -1 + -6 + -4 + 29?
18
What is the value of 5 + -15 - -25 - -6?
21
What is (-55 + 60 - (8 - 0)) + -1?
-4
What is the value of (11 - (7 - 9) - (1 + 1)) + 0?
11
-36 - -4 - (-15 - -24 - 20)
-21
Calculate 7 + (-10 + 2 + -1 - 9).
-11
What is (-15 - -4 - -32) + -9?
12
What is 2 - -9 - (-7 - (-51 + 46))?
13
95 - 117 - (0 + -3)
-19
13 - ((-42 - (-52 + 27)) + 1 + 6)
23
Evaluate 7 + (-6 - (1 + 5)) + -1 + 14.
8
Calculate -16 - -9 - 9 - ((-6 - -1) + 5).
-16
9 - ((-1 - 10) + -8 + 20 + -9)
17
What is the value of (36 - (5 + 27)) + (23 - 1)?
26
What is (-22 - -30) + 2 + (-6 - 0)?
4
Calculate (3 - 0) + 21 + -23.
1
What is 3 + (3 - -5 - -3) + -7 + 3?
10
Calculate -1 + (-19 - -8) - -15 - 16.
-13
Calculate 7 - -4 - (-8 - (-9 - -6) - -52).
-36
Evaluate 22 - 9 - (23 - 2).
-8
What is the value of -40 - (4 - -8 - 53)?
1
What is the value of (5 - -5 - 8 - 11) + -10?
-19
-22 + -11 + 4 + -6
-35
Evaluate -26 + 13 - (-2 + -4).
-7
-36 - (-27 + 41 + -39)
-11
What is the value of 7 + (-1 - 3) - (-5 + 4 + 2)?
2
What is -2 + (-29 + 15 - -13) + 36?
33
What is -406 + 382 + (-2 - -8)?
-18
Evaluate 27 + -13 + (3 - -1) + (-35 - -36).
19
What is the value of -15 - (1 - 7 - -4) - -8?
-5
What is 10 - -9 - (-79 - -90)?
8
-14 + (-19 - -4) + 7 + -13 + 11
-24
Calculate (-7 - -24) + (4 - 16) - 3.
2
Evaluate 19 + (19 - -1) + -32.
7
Calculate -52 + 70 - (5 + 29).
-16
10 - (-1 - 5 - (175 + -179))
12
What is 0 + 12 + -4 - 4 - 2?
2
Evaluate (90 - 96) + 0 + 14 + -11.
-3
Calculate (6 + (3 - 11) - -10) + (2 - 30).
-20
(-5 - (-19 + 5)) + (-157 - -155)
7
Calculate 11 + (-2 + (-4 - 14) - -2).
-7
What is the value of 2 + 9 + 3 + -5 + 4?
13
Calculate (23 - 1 - 8) + -7.
7
Calculate (14 - 16 - (-2 + -7 - -5)) + -11.
-9
What is -7 + (6 - (1 + 2 + 0 + -1))?
-3
What is the value of -15 - (15 - 19) - -15?
4
-16 - (-12 + (-13 - -20))
-11
What is the value of (22 + -9 + 4 + -8 - -7) + 5?
21
(8 - 4) + -4 - -3 - (8 - -1)
-6
What is -18 + 18 + -13 + 18?
5
28 + (-7 - (30 - 21))
12
What is 5 + 2 - 2 - 9 - -9?
5
44 + -31 + 0 + -17
-4
(-5 - 21) + 40 - (-2 + 2 + 0)
14
What is 11 + 13 + 2 + -21?
5
What is the value of -8 + 0 + (7 + -17 - (-6 - 0))?
-12
19 + -8 + -9 + -16
-14
What is -26 - (11 + (103 - 114 - (8 - 1)))?
-19
What is the value of 20 - -4 - 8 - 2?
14
What is -4 + (8 + 7 - 9 - 11) - 8?
-17
What is -18 + (-11 - (10 - 11)) + 7?
-21
Calculate -9 + (-9 - -2) + 4 + -4.
-16
-11 - (21 + (4 - 15))
-21
Calculate (16 - (30 + -8)) + (1 - 3 - -3).
-5
What is the value of 75 - 100 - (-14 + 1) - -31?
19
-2 - (14 + -43) - (-8 - (-9 + 6))
32
Calculate (16 - (-1 - 6)) + -7.
16
What is -6 - 25 - (195 + -212)?
-14
(19 - (7 + -4)) + -21
-5
Evaluate (-15 - -22) + (-9 - 4) + 41.
35
What is the value of (34 - 14) + -1 - 13?
6
What is -19 + 0 + (-36 - -46)?
-9
Evaluate -1 - -7 - (-3 + -12 + 15).
6
Calculate 2 - (-4 - -5 - 12 - -1).
12
Calculate 1739 - 1746 - (0 - 28).
21
Evaluate 14 + -11 + -13 + -5 + -4.
-19
Evaluate 2 + (1 - (-2 - 0)) + 7.
12
What is the value of -15 - (11 - 11 - 13)?
-2
What is the value of 3 + (5 - (1 - -9) - -7 - -6)?
11
What is the value of -22 + 3 - (11 - (23 - 0))?
-7
What is (14 - -13) + -79 + 29?
-23
Calculate -14 + 7 + -6 + 6 - (2 - -1).
-10
Evaluate 167 + -135 + (-28 - 5).
-1
Evaluate 7 + -3 + 6 + 24 + (28 - 40).
22
What is the value of (-15 - -18) + 16 + -31?
-12
What is -6 + (-5 - -47 - 14) + 4?
26
(15 - 25 - 17) + 6
-21
What is the value of 4 + -5 + -3 + -14 + (5 - -2)?
-11
-7 + 7 - 1 - (-14 + 16)
-3
-156 - -146 - (6 - 6)
-10
What is -1 - (5 + (-3 - (-6 + 9)))?
0
What is the value of 12 + -2 + 2 + (-948 - -915) - -6?
-15
What is the value of (-1 - (5 + -4)) + 0?
-2
Calculate (-4 - 15) + (-35 + 10 - -15).
-29
Calculate 157 - 162 - (2 - 13).
6
Calculate (15 - 25) + (-2 + 4 - -22).
14
Calculate (-1 - -1) + -4 - (-695 - -715).
-24
Calculate -18 - ((-10 - 17) + 24).
-15
(1 - 7 - 1 - -16) + 7
16
Evaluate 27 + 3 + -33 + 2.
-1
What is the value of 0 + -3 + (-195 - -208) - 11?
-1
What is the value of 8 + (19 - 5) + -16?
6
(9 - 17) + (-1 - (-21 + (5 - 0)))
7
11 - (-31 + 17 - -13)
12
What is the value of -5 - (1 + -40 + 7 + (-25 - -29))?
23
What is 7 - (13 + 21 + -18)?
-9
Calculate 4 - 15 - (-198 - -180) - (-1 + 21).
-13
Calculate 14 + (23 - 27) + (5 - (-4 - -11)).
8
Evaluate -4 + 8 - (4 + 2 + 0).
-2
What is (10 + (-5 - -8) - 2) + (-8 - -7)?
10
Evaluate 13 - 32 - (21 - 43).
3
35 + -24 - (4 + -18 + 0)
25
Calculate 174 + -174 + (-2 - -3 - -1 - 4).
-2
Calculate (-4 + -6 - -3) + 5.
-2
-20 - (8 - (3 + 11 + (-3 - 6)))
-23
Calculate -36 - -20 - (-13 - 5).
2
What is the value of -3 + -4 - (31 - 46)?
8
Evaluate -48 + -18 + 48 + (0 - -11 - 4).
-11
(7 - 1 - 8) + 0 + 1 - -9
8
What is the value of 7 + (-4 - (-7 - 3 - (-27 + 1)))?
-13
-2 + (-2 - -15) - (391 - 399)
19
Evaluate 16 - (-2 - -4) - 3.
11
What is the value of -15 + -24 + (-14 - -67)?
14
Evaluate -2 - (9 - (0 + 4)).
-7
What is 10 - (7 + (-7 - -11 - 13))?
12
What is the value of (-1 - 17) + (25 - 59 - -40)?
-12
What is -4 + 10 + (-3 - 7) - 9?
-13
22 + -9 - 20 - -12
5
What is the value of (2 - 3 - -10) + (91 - 102)?
-2
Calculate -5 + -4 - (7 + -3 + -11).
-2
Evaluate -2 - (-4 - (-5 - 3)) - 9.
-15
What is the value of -1 + 0 + -1 - (56 + (49 - 108))?
1
What is 5 + (-6 - -7) - 13 - (14 - 2)?
-19
What is -2 - ((9 - 7) + -13)?
9
What is the value of -14 + (-1 - (13 - 26)) - -8?
6
-4 + (-16 - -13) + 12
5
Calculate 0 + -3 - (-32 - -4).
25
(-19 + (11 - 1) - -4) + 10
5
Evaluate 34 - (35 - (3 - -12)) - (3 - 0).
11
20 - (28 + -27 + 23)
-4
Calculate -25 + (-1 + 16 - (17 + -13)).
-14
Evaluate 66 + -71 + (-2 - 2).
-9
16 + -28 + 3 + -8
-17
Evaluate 1 + (0 + 4 - (2 - 3)) - 17.
-11
-1 - (-1 - ((-6 - -2) + 2 + -5))
-7
What is the value of -15 + (2 - 1) + -29 + 47 + -13?
-9
-2 + 2 - (1 - -2) - (-77 - -64)
10
Evaluate -2 - 1 - (2 + 1 - (-56 + 46)).
-16
Calculate 2 + -12 - (32 + 9 + -33).
-18
What is the value of (3 - -38) + (-15 - 3)?
23
Evaluate 3 - 7 - -19 - (-330 + 335).
10
Calculate (-10 - (1 + 11)) + 7.
-15
What is 31 - (-43 - -105 - 11)?
-20
Evaluate -58 - (23 + -14 + -54).
-13
Evaluate 22 + (-60 - -30) + (31 - (0 - -1)).
22
What is 19 - (9 + 14) - (2 + (1 - 4))?
-3
What is the value of -8 - -2 - (10 + -15 - -9)?
-10
Evaluate 62 - 45 - (12 + 7).
-2
-10 + (-6 - -26) - 4
6
Calculate -21 + 4 + (-5 - -9 - -1) + -4.
-16
Evaluate 0 + (13 - (-9 + 36)).
-14
-8 + -5 + 12 - 5 - (4 - 1)
-9
Calculate (-3 + 17 - 16) + -11.
-13
What is (-10 + -9 + 25 + -11 - 6) + 2?
-9
Calculate -31 - -1 - (6 - 18).
-18
Calculate (-23 - 2 - -32) + (-14 - 0).
-7
(-4 - (-11 - -8)) + (4 - -1 - 3)
1
-9 - 0 - (-27 + -19 + 28)
9
What is 14 + -13 - (10 - 17)?
8
-14 + (-1 - (-7 +